{"id":512,"date":"2019-04-27T21:09:19","date_gmt":"2019-04-27T19:09:19","guid":{"rendered":"http:\/\/snppl.lu\/?page_id=512"},"modified":"2025-10-15T20:08:42","modified_gmt":"2025-10-15T18:08:42","slug":"comite","status":"publish","type":"page","link":"https:\/\/snppl.lu\/?page_id=512","title":{"rendered":"Comit\u00e9"},"content":{"rendered":"<div id=\"pl-gb512-69e38f3e0ce40\"  class=\"panel-layout wp-block-siteorigin-panels-layout-block\" ><div id=\"pg-gb512-69e38f3e0ce40-0\"  class=\"panel-grid panel-no-style\" ><div id=\"pgc-gb512-69e38f3e0ce40-0-0\"  class=\"panel-grid-cell\" ><div id=\"panel-gb512-69e38f3e0ce40-0-0-0\" class=\"so-panel widget panel-first-child panel-last-child\" data-index=\"0\" ><\/div><\/div><\/div><\/div>\n\n\n<div class=\"wp-block-media-text has-media-on-the-right is-stacked-on-mobile is-vertically-aligned-bottom has-background\" style=\"background-color:#b5b1ad\"><div class=\"wp-block-media-text__content\">\n<p class=\"has-text-align-center has-large-font-size\">Bob Jungers<\/p>\n\n\n\n<p>Pr\u00e9sident<\/p>\n<\/div><figure class=\"wp-block-media-text__media\"><img loading=\"lazy\" decoding=\"async\" width=\"683\" height=\"1024\" src=\"https:\/\/snppl.lu\/wp-content\/uploads\/2025\/10\/1DSC_9154-1-683x1024.jpg\" alt=\"\" class=\"wp-image-23337 size-full\" srcset=\"https:\/\/snppl.lu\/wp-content\/uploads\/2025\/10\/1DSC_9154-1-683x1024.jpg 683w, https:\/\/snppl.lu\/wp-content\/uploads\/2025\/10\/1DSC_9154-1-200x300.jpg 200w, https:\/\/snppl.lu\/wp-content\/uploads\/2025\/10\/1DSC_9154-1-768x1152.jpg 768w, https:\/\/snppl.lu\/wp-content\/uploads\/2025\/10\/1DSC_9154-1-1024x1536.jpg 1024w, https:\/\/snppl.lu\/wp-content\/uploads\/2025\/10\/1DSC_9154-1-1365x2048.jpg 1365w, https:\/\/snppl.lu\/wp-content\/uploads\/2025\/10\/1DSC_9154-1-scaled.jpg 1707w\" sizes=\"auto, (max-width: 683px) 100vw, 683px\" \/><\/figure><\/div>\n\n\n\n<div class=\"wp-block-media-text has-media-on-the-right is-stacked-on-mobile is-vertically-aligned-bottom has-background\" style=\"background-color:#bfbbb4\"><div class=\"wp-block-media-text__content\">\n<p class=\"has-text-align-center has-large-font-size\">Daniel Horsmans<\/p>\n\n\n\n<p>Vice Pr\u00e9sident<\/p>\n<\/div><figure class=\"wp-block-media-text__media\"><img loading=\"lazy\" decoding=\"async\" width=\"683\" height=\"1024\" src=\"https:\/\/snppl.lu\/wp-content\/uploads\/2025\/10\/1DSC_9136-1-683x1024.jpg\" alt=\"\" class=\"wp-image-23342 size-full\" srcset=\"https:\/\/snppl.lu\/wp-content\/uploads\/2025\/10\/1DSC_9136-1-683x1024.jpg 683w, https:\/\/snppl.lu\/wp-content\/uploads\/2025\/10\/1DSC_9136-1-200x300.jpg 200w, https:\/\/snppl.lu\/wp-content\/uploads\/2025\/10\/1DSC_9136-1-768x1152.jpg 768w, https:\/\/snppl.lu\/wp-content\/uploads\/2025\/10\/1DSC_9136-1-1024x1536.jpg 1024w, https:\/\/snppl.lu\/wp-content\/uploads\/2025\/10\/1DSC_9136-1-1365x2048.jpg 1365w, https:\/\/snppl.lu\/wp-content\/uploads\/2025\/10\/1DSC_9136-1-scaled.jpg 1707w\" sizes=\"auto, (max-width: 683px) 100vw, 683px\" \/><\/figure><\/div>\n\n\n\n<div class=\"wp-block-media-text has-media-on-the-right is-stacked-on-mobile is-vertically-aligned-bottom has-background\" style=\"background-color:#b1a8a3\"><div class=\"wp-block-media-text__content\">\n<p class=\"has-text-align-center has-large-font-size\">Malvina Magi<\/p>\n\n\n\n<p>Vice Pr\u00e9sidentin<\/p>\n<\/div><figure class=\"wp-block-media-text__media\"><img loading=\"lazy\" decoding=\"async\" width=\"683\" height=\"1024\" src=\"https:\/\/snppl.lu\/wp-content\/uploads\/2025\/10\/1DSC_9147-2-683x1024.jpg\" alt=\"\" class=\"wp-image-23347 size-full\" srcset=\"https:\/\/snppl.lu\/wp-content\/uploads\/2025\/10\/1DSC_9147-2-683x1024.jpg 683w, https:\/\/snppl.lu\/wp-content\/uploads\/2025\/10\/1DSC_9147-2-200x300.jpg 200w, https:\/\/snppl.lu\/wp-content\/uploads\/2025\/10\/1DSC_9147-2-768x1152.jpg 768w, https:\/\/snppl.lu\/wp-content\/uploads\/2025\/10\/1DSC_9147-2-1024x1536.jpg 1024w, https:\/\/snppl.lu\/wp-content\/uploads\/2025\/10\/1DSC_9147-2-1365x2048.jpg 1365w, https:\/\/snppl.lu\/wp-content\/uploads\/2025\/10\/1DSC_9147-2-scaled.jpg 1707w\" sizes=\"auto, (max-width: 683px) 100vw, 683px\" \/><\/figure><\/div>\n\n\n\n<div class=\"wp-block-media-text has-media-on-the-right is-stacked-on-mobile is-vertically-aligned-bottom has-background\" style=\"background-color:#b6b0ab\"><div class=\"wp-block-media-text__content\">\n<p class=\"has-text-align-center has-large-font-size\">Linda Boden<\/p>\n\n\n\n<p>Sekret\u00e4rin<\/p>\n<\/div><figure class=\"wp-block-media-text__media\"><img loading=\"lazy\" decoding=\"async\" width=\"683\" height=\"1024\" src=\"https:\/\/snppl.lu\/wp-content\/uploads\/2025\/10\/1DSC_9120-683x1024.jpg\" alt=\"\" class=\"wp-image-23351 size-full\" srcset=\"https:\/\/snppl.lu\/wp-content\/uploads\/2025\/10\/1DSC_9120-683x1024.jpg 683w, https:\/\/snppl.lu\/wp-content\/uploads\/2025\/10\/1DSC_9120-200x300.jpg 200w, https:\/\/snppl.lu\/wp-content\/uploads\/2025\/10\/1DSC_9120-768x1152.jpg 768w, https:\/\/snppl.lu\/wp-content\/uploads\/2025\/10\/1DSC_9120-1024x1536.jpg 1024w, https:\/\/snppl.lu\/wp-content\/uploads\/2025\/10\/1DSC_9120-1365x2048.jpg 1365w, https:\/\/snppl.lu\/wp-content\/uploads\/2025\/10\/1DSC_9120-scaled.jpg 1707w\" sizes=\"auto, (max-width: 683px) 100vw, 683px\" \/><\/figure><\/div>\n\n\n\n<div class=\"wp-block-media-text has-media-on-the-right is-stacked-on-mobile is-vertically-aligned-bottom has-background\" style=\"background-color:#b8bcbe\"><div class=\"wp-block-media-text__content\">\n<p class=\"has-text-align-center has-large-font-size\">G\u00e9rard Meyers<\/p>\n\n\n\n<p>Tr\u00e9sorier<\/p>\n<\/div><figure class=\"wp-block-media-text__media\"><img loading=\"lazy\" decoding=\"async\" width=\"683\" height=\"1024\" src=\"https:\/\/snppl.lu\/wp-content\/uploads\/2025\/10\/1DSC_9099-683x1024.jpg\" alt=\"\" class=\"wp-image-23357 size-full\" srcset=\"https:\/\/snppl.lu\/wp-content\/uploads\/2025\/10\/1DSC_9099-683x1024.jpg 683w, https:\/\/snppl.lu\/wp-content\/uploads\/2025\/10\/1DSC_9099-200x300.jpg 200w, https:\/\/snppl.lu\/wp-content\/uploads\/2025\/10\/1DSC_9099-768x1152.jpg 768w, https:\/\/snppl.lu\/wp-content\/uploads\/2025\/10\/1DSC_9099-1024x1536.jpg 1024w, https:\/\/snppl.lu\/wp-content\/uploads\/2025\/10\/1DSC_9099-1365x2048.jpg 1365w, https:\/\/snppl.lu\/wp-content\/uploads\/2025\/10\/1DSC_9099-scaled.jpg 1707w\" sizes=\"auto, (max-width: 683px) 100vw, 683px\" \/><\/figure><\/div>\n\n\n\n<div class=\"wp-block-media-text has-media-on-the-right is-stacked-on-mobile is-vertically-aligned-bottom has-background\" style=\"background-color:#b7b3ad\"><div class=\"wp-block-media-text__content\">\n<p class=\"has-text-align-center has-large-font-size\">Christian Dimmer<\/p>\n<\/div><figure class=\"wp-block-media-text__media\"><img loading=\"lazy\" decoding=\"async\" width=\"683\" height=\"1024\" src=\"https:\/\/snppl.lu\/wp-content\/uploads\/2025\/10\/1DSC_9164-683x1024.jpg\" alt=\"\" class=\"wp-image-23349 size-full\" srcset=\"https:\/\/snppl.lu\/wp-content\/uploads\/2025\/10\/1DSC_9164-683x1024.jpg 683w, https:\/\/snppl.lu\/wp-content\/uploads\/2025\/10\/1DSC_9164-200x300.jpg 200w, https:\/\/snppl.lu\/wp-content\/uploads\/2025\/10\/1DSC_9164-768x1152.jpg 768w, https:\/\/snppl.lu\/wp-content\/uploads\/2025\/10\/1DSC_9164-1024x1536.jpg 1024w, https:\/\/snppl.lu\/wp-content\/uploads\/2025\/10\/1DSC_9164-1365x2048.jpg 1365w, https:\/\/snppl.lu\/wp-content\/uploads\/2025\/10\/1DSC_9164-scaled.jpg 1707w\" sizes=\"auto, (max-width: 683px) 100vw, 683px\" \/><\/figure><\/div>\n\n\n\n<div class=\"wp-block-media-text has-media-on-the-right is-stacked-on-mobile is-vertically-aligned-bottom has-background\" style=\"background-color:#c2bcb5\"><div class=\"wp-block-media-text__content\">\n<p class=\"has-text-align-center has-large-font-size\">Pierre Muller<\/p>\n<\/div><figure class=\"wp-block-media-text__media\"><img loading=\"lazy\" decoding=\"async\" width=\"683\" height=\"1024\" src=\"https:\/\/snppl.lu\/wp-content\/uploads\/2025\/10\/1DSC_9112-683x1024.jpg\" alt=\"\" class=\"wp-image-23350 size-full\" srcset=\"https:\/\/snppl.lu\/wp-content\/uploads\/2025\/10\/1DSC_9112-683x1024.jpg 683w, https:\/\/snppl.lu\/wp-content\/uploads\/2025\/10\/1DSC_9112-200x300.jpg 200w, https:\/\/snppl.lu\/wp-content\/uploads\/2025\/10\/1DSC_9112-768x1152.jpg 768w, https:\/\/snppl.lu\/wp-content\/uploads\/2025\/10\/1DSC_9112-1024x1536.jpg 1024w, https:\/\/snppl.lu\/wp-content\/uploads\/2025\/10\/1DSC_9112-1365x2048.jpg 1365w, https:\/\/snppl.lu\/wp-content\/uploads\/2025\/10\/1DSC_9112-scaled.jpg 1707w\" sizes=\"auto, (max-width: 683px) 100vw, 683px\" \/><\/figure><\/div>\n\n\n\n<div class=\"wp-block-media-text has-media-on-the-right is-stacked-on-mobile is-vertically-aligned-bottom has-background\" style=\"background-color:#b4afa9\"><div class=\"wp-block-media-text__content\">\n<p class=\"has-text-align-center has-large-font-size\">Mike M\u00f6ller<\/p>\n<\/div><figure class=\"wp-block-media-text__media\"><img loading=\"lazy\" decoding=\"async\" width=\"683\" height=\"1024\" src=\"https:\/\/snppl.lu\/wp-content\/uploads\/2025\/10\/1DSC_9179-683x1024.jpg\" alt=\"\" class=\"wp-image-23352 size-full\" srcset=\"https:\/\/snppl.lu\/wp-content\/uploads\/2025\/10\/1DSC_9179-683x1024.jpg 683w, https:\/\/snppl.lu\/wp-content\/uploads\/2025\/10\/1DSC_9179-200x300.jpg 200w, https:\/\/snppl.lu\/wp-content\/uploads\/2025\/10\/1DSC_9179-768x1152.jpg 768w, https:\/\/snppl.lu\/wp-content\/uploads\/2025\/10\/1DSC_9179-1024x1536.jpg 1024w, https:\/\/snppl.lu\/wp-content\/uploads\/2025\/10\/1DSC_9179-1365x2048.jpg 1365w, https:\/\/snppl.lu\/wp-content\/uploads\/2025\/10\/1DSC_9179-scaled.jpg 1707w\" sizes=\"auto, (max-width: 683px) 100vw, 683px\" \/><\/figure><\/div>\n\n\n\n<div class=\"wp-block-media-text has-media-on-the-right is-stacked-on-mobile is-vertically-aligned-bottom has-background\" style=\"background-color:#ada79e\"><div class=\"wp-block-media-text__content\">\n<p class=\"has-text-align-center has-large-font-size\">Claude Schumacher<\/p>\n<\/div><figure class=\"wp-block-media-text__media\"><img loading=\"lazy\" decoding=\"async\" width=\"683\" height=\"1024\" src=\"https:\/\/snppl.lu\/wp-content\/uploads\/2025\/10\/DSC_9072-683x1024.jpg\" alt=\"\" class=\"wp-image-23354 size-full\" srcset=\"https:\/\/snppl.lu\/wp-content\/uploads\/2025\/10\/DSC_9072-683x1024.jpg 683w, https:\/\/snppl.lu\/wp-content\/uploads\/2025\/10\/DSC_9072-200x300.jpg 200w, https:\/\/snppl.lu\/wp-content\/uploads\/2025\/10\/DSC_9072-768x1152.jpg 768w, https:\/\/snppl.lu\/wp-content\/uploads\/2025\/10\/DSC_9072-1024x1536.jpg 1024w, https:\/\/snppl.lu\/wp-content\/uploads\/2025\/10\/DSC_9072-1365x2048.jpg 1365w, https:\/\/snppl.lu\/wp-content\/uploads\/2025\/10\/DSC_9072-scaled.jpg 1707w\" sizes=\"auto, (max-width: 683px) 100vw, 683px\" \/><\/figure><\/div>\n\n\n\n<div class=\"wp-block-media-text has-media-on-the-right is-stacked-on-mobile is-vertically-aligned-bottom has-background\" style=\"background-color:#b5b3ac\"><div class=\"wp-block-media-text__content\">\n<p class=\"has-text-align-center has-large-font-size\">Pol Poos<\/p>\n<\/div><figure class=\"wp-block-media-text__media\"><img loading=\"lazy\" decoding=\"async\" width=\"683\" height=\"1024\" src=\"https:\/\/snppl.lu\/wp-content\/uploads\/2025\/10\/DSC_9085-683x1024.jpg\" alt=\"\" class=\"wp-image-23355 size-full\" srcset=\"https:\/\/snppl.lu\/wp-content\/uploads\/2025\/10\/DSC_9085-683x1024.jpg 683w, https:\/\/snppl.lu\/wp-content\/uploads\/2025\/10\/DSC_9085-200x300.jpg 200w, https:\/\/snppl.lu\/wp-content\/uploads\/2025\/10\/DSC_9085-768x1152.jpg 768w, https:\/\/snppl.lu\/wp-content\/uploads\/2025\/10\/DSC_9085-1024x1536.jpg 1024w, https:\/\/snppl.lu\/wp-content\/uploads\/2025\/10\/DSC_9085-1365x2048.jpg 1365w, https:\/\/snppl.lu\/wp-content\/uploads\/2025\/10\/DSC_9085-scaled.jpg 1707w\" sizes=\"auto, (max-width: 683px) 100vw, 683px\" \/><\/figure><\/div>\n\n\n\n<div class=\"wp-block-media-text has-media-on-the-right is-stacked-on-mobile is-vertically-aligned-bottom has-background\" style=\"background-color:#979797\"><div class=\"wp-block-media-text__content\">\n<p class=\"has-text-align-center has-large-font-size\">Fr\u00e4nz Speltz<\/p>\n<\/div><figure class=\"wp-block-media-text__media\"><img loading=\"lazy\" decoding=\"async\" width=\"683\" height=\"1024\" src=\"https:\/\/snppl.lu\/wp-content\/uploads\/2025\/10\/DSC_9643-683x1024.jpg\" alt=\"\" class=\"wp-image-23364 size-full\" srcset=\"https:\/\/snppl.lu\/wp-content\/uploads\/2025\/10\/DSC_9643-683x1024.jpg 683w, https:\/\/snppl.lu\/wp-content\/uploads\/2025\/10\/DSC_9643-200x300.jpg 200w, https:\/\/snppl.lu\/wp-content\/uploads\/2025\/10\/DSC_9643-768x1152.jpg 768w, https:\/\/snppl.lu\/wp-content\/uploads\/2025\/10\/DSC_9643-1024x1536.jpg 1024w, https:\/\/snppl.lu\/wp-content\/uploads\/2025\/10\/DSC_9643-1365x2048.jpg 1365w, https:\/\/snppl.lu\/wp-content\/uploads\/2025\/10\/DSC_9643-scaled.jpg 1707w\" sizes=\"auto, (max-width: 683px) 100vw, 683px\" \/><\/figure><\/div>\n\n\n<ul class=\"wp-block-latest-posts__list has-dates wp-block-latest-posts\"><li><a class=\"wp-block-latest-posts__post-title\" href=\"https:\/\/snppl.lu\/?p=23379\">Walen vu Vertrieder fir den CA vum CGDIS<\/a><time datetime=\"2025-11-13T19:51:34+01:00\" class=\"wp-block-latest-posts__post-date\">13\/11\/2025<\/time><\/li>\n<li><a class=\"wp-block-latest-posts__post-title\" href=\"https:\/\/snppl.lu\/?p=23368\">Generalversammlung \u2013 4. Juni 2025<\/a><time datetime=\"2025-10-20T09:59:34+02:00\" class=\"wp-block-latest-posts__post-date\">20\/10\/2025<\/time><\/li>\n<li><a class=\"wp-block-latest-posts__post-title\" href=\"https:\/\/snppl.lu\/?p=23300\">Mir free\u00ebn eis dech ze begr\u00e9issen op eis<\/a><time datetime=\"2025-05-16T20:44:45+02:00\" class=\"wp-block-latest-posts__post-date\">16\/05\/2025<\/time><\/li>\n<\/ul>","protected":false},"excerpt":{"rendered":"<p>Bob Jungers Pr\u00e9sident Daniel Horsmans Vice Pr\u00e9sident Malvina Magi Vice Pr\u00e9sidentin Linda Boden Sekret\u00e4rin G\u00e9rard Meyers Tr\u00e9sorier Christian Dimmer Pierre Muller Mike M\u00f6ller Claude Schumacher Pol Poos Fr\u00e4nz Speltz<\/p>\n","protected":false},"author":4,"featured_media":0,"parent":77,"menu_order":0,"comment_status":"closed","ping_status":"closed","template":"","meta":{"footnotes":""},"class_list":["post-512","page","type-page","status-publish","hentry"],"_links":{"self":[{"href":"https:\/\/snppl.lu\/index.php?rest_route=\/wp\/v2\/pages\/512","targetHints":{"allow":["GET"]}}],"collection":[{"href":"https:\/\/snppl.lu\/index.php?rest_route=\/wp\/v2\/pages"}],"about":[{"href":"https:\/\/snppl.lu\/index.php?rest_route=\/wp\/v2\/types\/page"}],"author":[{"embeddable":true,"href":"https:\/\/snppl.lu\/index.php?rest_route=\/wp\/v2\/users\/4"}],"replies":[{"embeddable":true,"href":"https:\/\/snppl.lu\/index.php?rest_route=%2Fwp%2Fv2%2Fcomments&post=512"}],"version-history":[{"count":65,"href":"https:\/\/snppl.lu\/index.php?rest_route=\/wp\/v2\/pages\/512\/revisions"}],"predecessor-version":[{"id":23365,"href":"https:\/\/snppl.lu\/index.php?rest_route=\/wp\/v2\/pages\/512\/revisions\/23365"}],"up":[{"embeddable":true,"href":"https:\/\/snppl.lu\/index.php?rest_route=\/wp\/v2\/pages\/77"}],"wp:attachment":[{"href":"https:\/\/snppl.lu\/index.php?rest_route=%2Fwp%2Fv2%2Fmedia&parent=512"}],"curies":[{"name":"wp","href":"https:\/\/api.w.org\/{rel}","templated":true}]}}